{"id":23,"date":"2022-07-06T12:24:36","date_gmt":"2022-07-06T10:24:36","guid":{"rendered":"http:\/\/www.soep-cov.de\/?page_id=23"},"modified":"2022-11-28T17:22:47","modified_gmt":"2022-11-28T16:22:47","slug":"studie","status":"publish","type":"page","link":"https:\/\/www.soep-cov.de\/de\/studie\/","title":{"rendered":"Studie"},"content":{"rendered":"\n<h1 class=\"wp-block-heading\"><\/h1>\n\n\n\n<p class=\"has-large-font-size\">In der Studie SOEP-CoV untersuchen Forschende die akuten, mittelfristigen und langfristigen sozio-\u00f6konomischen Faktoren und Folgen der Verbreitung des Coronavirus in Deutschland. Verantwortet wird das Projekt durch Wissenschaftler*innen der Universit\u00e4t Bielefeld und des Sozio-oekonomischen Panels (SOEP) am Deutschen Institut f\u00fcr Wirtschaftsforschung (DIW Berlin).<\/p>\n\n\n\n<p class=\"has-large-font-size\">&nbsp;Folgende Themen stehen im Fokus:<\/p>\n\n\n\n<p class=\"has-large-font-size\">a) Pr\u00e4valenz, Gesundheitsverhalten und Gesundheitliche Ungleichheit,<br>b) Arbeitsmarkt und Erwerbsarbeit,<br>c) Soziales Leben, Netzwerke und Mobilit\u00e4t,<br>d) Psychische Gesundheit und Wohlbefinden<br>e) Gesellschaftlicher Zusammenhalt.<\/p>\n\n\n\n<p class=\"has-large-font-size\">F\u00fcr SOEP-CoV wurden zu zwei Zeitpunkten innerhalb der Coronapandemie Daten erhoben: Von Anfang April bis Juli 2020 and dann erneut im Januar und Februar 2021. Im ersten Erhebungszeitraum nahmen insgesamt 6.694 Personen an der Befragung teil. Von diesen Personen erkl\u00e4rten sich 6.038 bereit, auch an der zweiten Befragung teilzunehmen. Ausgangsbasis f\u00fcr die Befragungen ist das Sozio-oekonomische Panel (SOEP). Das SOEP ist die l\u00e4ngste Wiederholungsbefragung von zuf\u00e4llig ausgew\u00e4hlten Haushalten in Deutschland, an der bereits seit 1984 tausende Haushalte und Einzelpersonen teilnehmen. Daraus ergeben sich zwei Besonderheiten:<\/p>\n\n\n\n<p class=\"has-large-font-size\">(1) Da jedes Jahr dieselben Menschen am SOEP teilnehmen, liegen \u00fcber diese bereits umfassende Informationen aus den letzten Jahren vor. So k\u00f6nnen die Wissenschaftler*innen mit SOEP-CoV schon jetzt Aussagen dar\u00fcber treffen, wie sich unsere Gesellschaft in der Corona-Krise ver\u00e4ndert hat.<\/p>\n\n\n\n<p class=\"has-large-font-size\">(2) Zudem werden wir sehen k\u00f6nnen, wie die aktuelle Krise das Leben in Deutschland in den kommenden Jahren und Jahrzehnten pr\u00e4gen wird. N\u00e4heres \u00fcber die wissenschaftliche Methodik der Studie erfahren Sie <span style=\"text-decoration: underline;\"><a href=\"http:\/\/www.soep-cov.de\/methodik\/\" data-type=\"page\" data-id=\"34\">hier<\/a><\/span>.<\/p>\n\n\n\n<p class=\"has-large-font-size\">Das Projekt SOEP-CoV wird als Verbundprojekt zwischen der Universit\u00e4t Bielefeld und dem SOEP am DIW Berlin vom Bundesministerium f\u00fcr Bildung und Forschung (BMBF) im Rahmen des F\u00f6rderaufrufs zur Erforschung von COVID-19 im Zuge des Ausbruchs von Sars-CoV-2 gef\u00f6rdert.<\/p>\n\n\n\n<p class=\"has-large-font-size\">Dabei arbeitet das Projektteam eng mit Kolleg*innen des Robert-Koch-Instituts (RKI), der Charit\u00e9 Berlin, des Max-Planck-Instituts f\u00fcr Bildungsforschung, des Instituts f\u00fcr interdisziplin\u00e4re Konflikt- und Gewaltforschung (IKG) und des Wissenschaftszentrums Berlin (WZB) zusammen.<\/p>\n\n\n\n<p class=\"has-large-font-size\">Die gewonnenen Daten werten die Projektbeteiligten zeitnah aus. Die Ergebnisse werden kontinuierlich <span style=\"text-decoration: underline;\"><a href=\"http:\/\/www.soep-cov.de\/publikationen\/\" data-type=\"page\" data-id=\"61\">hier<\/a><\/span> ver\u00f6ffentlicht.<\/p>\n\n\n\n<figure class=\"wp-block-image aligncenter size-full is-resized\"><img loading=\"lazy\" decoding=\"async\" src=\"http:\/\/www.soep-cov.de\/wp-content\/uploads\/2022\/07\/gefoerdert_vom_bmbf_deutsch_1.jpg\" alt=\"\" class=\"wp-image-169\" width=\"194\" height=\"129\" srcset=\"https:\/\/www.soep-cov.de\/wp-content\/uploads\/2022\/07\/gefoerdert_vom_bmbf_deutsch_1.jpg 774w, https:\/\/www.soep-cov.de\/wp-content\/uploads\/2022\/07\/gefoerdert_vom_bmbf_deutsch_1-300x199.jpg 300w, https:\/\/www.soep-cov.de\/wp-content\/uploads\/2022\/07\/gefoerdert_vom_bmbf_deutsch_1-768x510.jpg 768w, https:\/\/www.soep-cov.de\/wp-content\/uploads\/2022\/07\/gefoerdert_vom_bmbf_deutsch_1-18x12.jpg 18w\" sizes=\"auto, (max-width: 194px) 100vw, 194px\" \/><\/figure>\n","protected":false},"excerpt":{"rendered":"<p>In der Studie SOEP-CoV untersuchen Forschende die akuten, mittelfristigen und langfristigen sozio-\u00f6konomischen Faktoren und Folgen der Verbreitung des Coronavirus in Deutschland. Verantwortet wird das Projekt durch Wissenschaftler*innen der Universit\u00e4t Bielefeld und des Sozio-oekonomischen Panels (SOEP) am Deutschen Institut f\u00fcr Wirtschaftsforschung (DIW Berlin). &nbsp;Folgende Themen stehen im Fokus: a) Pr\u00e4valenz, Gesundheitsverhalten und Gesundheitliche Ungleichheit,b) Arbeitsmarkt und [&hellip;]<\/p>\n","protected":false},"author":3,"featured_media":0,"parent":0,"menu_order":1,"comment_status":"closed","ping_status":"closed","template":"","meta":{"footnotes":""},"class_list":["post-23","page","type-page","status-publish","hentry","wpbf-post"],"_links":{"self":[{"href":"https:\/\/www.soep-cov.de\/de\/wp-json\/wp\/v2\/pages\/23","targetHints":{"allow":["GET"]}}],"collection":[{"href":"https:\/\/www.soep-cov.de\/de\/wp-json\/wp\/v2\/pages"}],"about":[{"href":"https:\/\/www.soep-cov.de\/de\/wp-json\/wp\/v2\/types\/page"}],"author":[{"embeddable":true,"href":"https:\/\/www.soep-cov.de\/de\/wp-json\/wp\/v2\/users\/3"}],"replies":[{"embeddable":true,"href":"https:\/\/www.soep-cov.de\/de\/wp-json\/wp\/v2\/comments?post=23"}],"version-history":[{"count":15,"href":"https:\/\/www.soep-cov.de\/de\/wp-json\/wp\/v2\/pages\/23\/revisions"}],"predecessor-version":[{"id":501,"href":"https:\/\/www.soep-cov.de\/de\/wp-json\/wp\/v2\/pages\/23\/revisions\/501"}],"wp:attachment":[{"href":"https:\/\/www.soep-cov.de\/de\/wp-json\/wp\/v2\/media?parent=23"}],"curies":[{"name":"wp","href":"https:\/\/api.w.org\/{rel}","templated":true}]}}

<h1 class="wp-block-heading"></h1>



<p class="has-large-font-size">In der Studie SOEP-CoV untersuchen Forschende die akuten, mittelfristigen und langfristigen sozio-ökonomischen Faktoren und Folgen der Verbreitung des Coronavirus in Deutschland. Verantwortet wird das Projekt durch Wissenschaftler*innen der Universität Bielefeld und des Sozio-oekonomischen Panels (SOEP) am Deutschen Institut für Wirtschaftsforschung (DIW Berlin).</p>



<p class="has-large-font-size">&nbsp;Folgende Themen stehen im Fokus:</p>



<p class="has-large-font-size">a) Prävalenz, Gesundheitsverhalten und Gesundheitliche Ungleichheit,<br>b) Arbeitsmarkt und Erwerbsarbeit,<br>c) Soziales Leben, Netzwerke und Mobilität,<br>d) Psychische Gesundheit und Wohlbefinden<br>e) Gesellschaftlicher Zusammenhalt.</p>



<p class="has-large-font-size">Für SOEP-CoV wurden zu zwei Zeitpunkten innerhalb der Coronapandemie Daten erhoben: Von Anfang April bis Juli 2020 and dann erneut im Januar und Februar 2021. Im ersten Erhebungszeitraum nahmen insgesamt 6.694 Personen an der Befragung teil. Von diesen Personen erklärten sich 6.038 bereit, auch an der zweiten Befragung teilzunehmen. Ausgangsbasis für die Befragungen ist das Sozio-oekonomische Panel (SOEP). Das SOEP ist die längste Wiederholungsbefragung von zufällig ausgewählten Haushalten in Deutschland, an der bereits seit 1984 tausende Haushalte und Einzelpersonen teilnehmen. Daraus ergeben sich zwei Besonderheiten:</p>



<p class="has-large-font-size">(1) Da jedes Jahr dieselben Menschen am SOEP teilnehmen, liegen über diese bereits umfassende Informationen aus den letzten Jahren vor. So können die Wissenschaftler*innen mit SOEP-CoV schon jetzt Aussagen darüber treffen, wie sich unsere Gesellschaft in der Corona-Krise verändert hat.</p>



<p class="has-large-font-size">(2) Zudem werden wir sehen können, wie die aktuelle Krise das Leben in Deutschland in den kommenden Jahren und Jahrzehnten prägen wird. Näheres über die wissenschaftliche Methodik der Studie erfahren Sie <span style="text-decoration: underline;"><a href="http://www.soep-cov.de/methodik/" data-type="page" data-id="34">hier</a></span>.</p>



<p class="has-large-font-size">Das Projekt SOEP-CoV wird als Verbundprojekt zwischen der Universität Bielefeld und dem SOEP am DIW Berlin vom Bundesministerium für Bildung und Forschung (BMBF) im Rahmen des Förderaufrufs zur Erforschung von COVID-19 im Zuge des Ausbruchs von Sars-CoV-2 gefördert.</p>



<p class="has-large-font-size">Dabei arbeitet das Projektteam eng mit Kolleg*innen des Robert-Koch-Instituts (RKI), der Charité Berlin, des Max-Planck-Instituts für Bildungsforschung, des Instituts für interdisziplinäre Konflikt- und Gewaltforschung (IKG) und des Wissenschaftszentrums Berlin (WZB) zusammen.</p>



<p class="has-large-font-size">Die gewonnenen Daten werten die Projektbeteiligten zeitnah aus. Die Ergebnisse werden kontinuierlich <span style="text-decoration: underline;"><a href="http://www.soep-cov.de/publikationen/" data-type="page" data-id="61">hier</a></span> veröffentlicht.</p>



<figure class="wp-block-image aligncenter size-full is-resized"><img loading="lazy" decoding="async" src="http://www.soep-cov.de/wp-content/uploads/2022/07/gefoerdert_vom_bmbf_deutsch_1.jpg" alt="" class="wp-image-169" width="194" height="129" srcset="https://www.soep-cov.de/wp-content/uploads/2022/07/gefoerdert_vom_bmbf_deutsch_1.jpg 774w, https://www.soep-cov.de/wp-content/uploads/2022/07/gefoerdert_vom_bmbf_deutsch_1-300x199.jpg 300w, https://www.soep-cov.de/wp-content/uploads/2022/07/gefoerdert_vom_bmbf_deutsch_1-768x510.jpg 768w, https://www.soep-cov.de/wp-content/uploads/2022/07/gefoerdert_vom_bmbf_deutsch_1-18x12.jpg 18w" sizes="auto, (max-width: 194px) 100vw, 194px" /></figure>

<p>In der Studie SOEP-CoV untersuchen Forschende die akuten, mittelfristigen und langfristigen sozio-ökonomischen Faktoren und Folgen der Verbreitung des Coronavirus in Deutschland. Verantwortet wird das Projekt durch Wissenschaftler*innen der Universität Bielefeld und des Sozio-oekonomischen Panels (SOEP) am Deutschen Institut für Wirtschaftsforschung (DIW Berlin). &nbsp;Folgende Themen stehen im Fokus: a) Prävalenz, Gesundheitsverhalten und Gesundheitliche Ungleichheit,b) Arbeitsmarkt und [&hellip;]</p>
